uppose -82797 = -8*a + 31899. List the prime factors of a.
3, 59
Let d = -94795 + 135781. What are the prime factors of d?
2, 3, 11, 23
Let s = 6 + -11. Let q(z) = -z**3 + 5*z**2 - 4*z**2 - 3*z + 4 + 8*z + 2*z. What are the prime factors of q(s)?
7, 17
Let l be (-265146)/12 - 7/14. What are the prime factors of l/(-50) + 2/25?
2, 13, 17
Suppose -9*r + 6*r = -84. Suppose 3*d + b - 22 = 0, -4*d + r = -2*b + 3*b. List the prime factors of -2 - (d + -4 + -66).
2, 31
Let k = -19 + 11. What are the prime factors of 8*k/(-128) + 67/2?
2, 17
List the prime factors of 948/2*120*(-27)/(-144).
3, 5, 79
Let k(v) = v**2 + 54*v - 6338. List the prime factors of k(-137).
7, 719
Suppose -y = 4*d - 10167, 36*d = 2*y + 41*d - 20316. What are the prime factors of y?
3, 7, 23
Let l(x) = 10*x**2 - 4*x - 5. Let m be l(4). Let d = -93 - -288. Let r = d - m. List the prime factors of r.
2, 7
Let x = 45207 + -19788. List the prime factors of x.
3, 37, 229
What are the prime factors of (0 - 10/4)/(((-1653)/(-153710))/(-87))?
5, 809
Suppose -51*i + 72*i = 887607. List the prime factors of i.
3, 73, 193
Suppose -49*v - 39 = -52*v. Suppose 0 = v*n - 8*n - 65. Suppose -11*g = -n*g + 344. What are the prime factors of g?
2, 43
Let r be (3/(-4))/((-21)/(-100884)). List the prime factors of (r/(-6) - 6) + (-3)/2.
593
Let p(c) = -c**2 - 15*c + 33. Let v = -99 - -168. Let x = 55 - v. What are the prime factors of p(x)?
47
Let c = 87 - 79. Let k be ((-9)/((-36)/c))/(-1). What are the prime factors of 182 + 4*6/16*k?
179
Let j(w) = 5081*w - 10974. List the prime factors of j(13).
55079
Let i(s) = s**3 + 11*s**2 + 10*s + 14. Let f = -124 - -71. Let b = f - -43. List the prime factors of i(b).
2, 7
Suppose 2*s - 1378 = -3*a, -a + 171 + 279 = -4*s. Suppose 0 = -4*k + 3*d + a, -4*k - 4*d = -23 - 421. What are the prime factors of k?
113
Let i(p) = 1416*p**2 + 925*p + 1844. What are the prime factors of i(-2)?
2, 3, 23, 41
Suppose 156 = 7*p - 3*p + 2*w, 117 = 3*p - 2*w. Suppose -2*n + 4*i - p = 3*i, 0 = -i + 1. Let a = 3 - n. What are the prime factors of a?
2, 11
Suppose -10*q - 53*q - 39*q + 1413822 = 0. What are the prime factors of q?
83, 167
What are the prime factors of (1331400/36 - 20)*(-6)/(-4)?
5, 13, 853
Let i be (-113)/(-339) + 2/6*-451. Let q = i + 1393. What are the prime factors of q?
11, 113
Suppose 8 = 3*z + 20. Let r be z/10 + 1637/5. Suppose -5*h = -r - 28. List the prime factors of h.
71
Let u(p) = -5570*p - 3404. What are the prime factors of u(-4)?
2, 3, 11, 13
Suppose -61*y = -304092 - 123518. List the prime factors of y.
2, 5, 701
Suppose 4*d + 4*z - 198648 = 0, -86*d + 7*z + 148946 = -83*d. What are the prime factors of d?
2, 7, 3547
Suppose -11*p = -14*p + 15. Let u(n) = -p*n + 13 - 10*n**2 + 25*n**3 - 59*n**3 + 32*n**3 - 36. What are the prime factors of u(-7)?
2, 13
Let m = 201 - 188. Suppose -m*r - 8*r = -5418. List the prime factors of r.
2, 3, 43
Let j be 10/2 + -2 + (1 - 3). Let p be 144/20 - j/5. Suppose -p*a + 432 = -4*a. What are the prime factors of a?
2, 3
Let i(r) = 946*r**2 - 3*r - 21. What are the prime factors of i(-3)?
2, 3, 13, 109
Suppose -8*u + 31470 = n + 3323, 3*n = -5*u + 84441. What are the prime factors of n?
7, 4021
Suppose 134*t = 139*t - 25. Suppose -790 = -t*f - 45. List the prime factors of f.
149
Let y be (5 + (-23)/3)/((-2)/(-84)). Let q = 146 + y. What are the prime factors of q?
2, 17
Suppose -5*k - 415*j = -413*j - 113061, 2*k - 45202 = -4*j. What are the prime factors of k?
5, 4523
Suppose 3*y + 3*a - 75087 = 0, 856*a - 100044 = -4*y + 861*a. List the prime factors of y.
131, 191
Let x(n) = 22*n**2 - 10*n - 57. Let c = 435 - 441. What are the prime factors of x(c)?
3, 5, 53
Suppose 6*h - 22*h + 10*h = 0. Let w = 0 - 0. Suppose -2*f + w*f - x + 342 = h, -f - x = -172. List the prime factors of f.
2, 5, 17
Let m = 18 + -13. Suppose 3*o - m*k - 281 = 896, o = 2*k + 393. List the prime factors of o.
389
Let t(h) be the first derivative of 3*h**4/2 + h**3 + h**2 + 6*h - 1. Let p(k) = -k**2 + 10*k + 267. Let m be p(22). List the prime factors of t(m).
3, 67
Let u(i) = -i**3 + 31*i**2 + 23*i - 6. List the prime factors of u(16).
2, 11, 191
Suppose 47*s - 3496 = 100*s - 55*s. List the prime factors of s.
2, 19, 23
Let v(t) = 8*t + 1. Let i be v(6). Suppose -2*r = 4*m - 7*r - 113, -3*m - 2*r = -102. Let g = i + m. List the prime factors of g.
3
Suppose -4*f + 75 = -3*r, 0 = 21*r - 23*r + 3*f - 50. List the prime factors of (-37240)/r + (2 - 32/20).
2, 5, 149
Let y(b) = -91*b**2 - 3*b. Let a be y(1). Let v = a - -101. List the prime factors of (v - 7) + -2 + (18 - 0).
2
Suppose 19916 = -14*i + 497078. What are the prime factors of i?
3, 7, 541
Let r = -271 + -514. Let m = r - -1551. List the prime factors of m.
2, 383
Suppose -s - 2*w + 106 = 4*s, -4 = 2*w. Suppose 3*o = y - 281, -y + s = -4*o - 261. Let f = 493 - y. List the prime factors of f.
2, 109
Let z be 35/(-2) - (-3)/6. List the prime factors of z*2*(-76)/8.
17, 19
Let w(t) = 17*t**3 + 5*t**2 - 8*t + 2. Let a be w(3). Let u = a - 266. What are the prime factors of u?
2, 3
Let u(q) = -318*q - 8. Let t be u(-1). Let z = t + -60. What are the prime factors of z?
2, 5
Let n(c) = c**3 - 27*c**2 + 13*c + 49. Let g(p) = -2*p**3 + 30*p**2 - 14*p - 49. Let i(h) = -2*g(h) - 3*n(h). What are the prime factors of i(-15)?
2, 733
Suppose 0 = -2*g - 5*o - 119, 5*g = -5*o + 2*o - 288. Let j = -72 - g. What are the prime factors of (-6)/j - 1272/(-20)?
2
Suppose -3385 - 3212 = -12*d + 3*d. What are the prime factors of d?
733
Let b(c) = 4*c**2 - 19*c + 552. List the prime factors of b(44).
2, 5, 373
Let a = -59 + 102. Let p = a - 41. Suppose 24 = p*r + b, 4*r + 19 = 5*r - 3*b. List the prime factors of r.
13
Let f(d) = -362*d**3 - 2*d**2 + 2*d + 4. Suppose 4*l + 14 + 4 = 2*c, 3*c - 3*l - 12 = 0. What are the prime factors of f(c)?
2, 181
What are the prime factors of ((-1)/3)/(-3 - (-476760)/158922)?
3, 109
Let u be (8 + -11)/((-6)/(-4)) - -14. Let g(o) = -u*o**2 + 2*o + o**3 - 9*o + 1 - 15*o + 16. List the prime factors of g(14).
101
Let n(c) = -32*c**2 - c - 1. Let l be n(-1). Let v = l - -8. What are the prime factors of v/60 + 347/5?
3, 23
Let i be 27/(-108) + (-17)/(-4). Suppose 0 = -i*l + l. Suppose l = -d + 4*v + 54, -d = -0*d + 5*v - 9. What are the prime factors of d?
2, 17
Suppose 15*d - 4968 = -3*d. Let a = 604 - d. What are the prime factors of a?
2, 41
Let z(d) be the third derivative of 2*d**3 - d**2 + 0*d**4 - 1/10*d**5 - 1/60*d**6 + 0*d + 0. List the prime factors of z(-4).
2, 11
Let w be (228 - -24)*(-14)/(-6). Let f = -338 + w. What are the prime factors of f?
2, 5
Suppose -v - 6 = 1. Let k be 7 + v - (-2 + -85). Suppose -3*c + k = -90. What are the prime factors of c?
59
Let r(j) = -j**2 - 6*j + 162. Let f be r(0). Suppose 157*u + 1475 = f*u. List the prime factors of u.
5, 59
Let m = -23991 + 42811. List the prime factors of m.
2, 5, 941
Suppose -2 = -k, 2*w + 3*k = w + 12. List the prime factors of 78*75/w*4/20.
3, 5, 13
Suppose 0 = -s + 2*w + 1578, -4*w = 16*s - 14*s - 3116. List the prime factors of s.
2, 7
What are the prime factors of (-41)/((-492)/144) + 24684?
2, 3, 7
List the prime factors of 17 + (-38)/((-798)/1127133).
2, 5, 7, 13, 59
Let j be (-304)/(-28)*14/4. Suppose -3*y = -5*o + 4*o - j, -5*y - 2*o = -56. What are the prime factors of (77 + -1)/(3 + (-30)/y)?
2, 19
List the prime factors of (-6096150)/(-513) - ((8/(-3))/4 - 0).
2, 2971
Let y be (-6936)/(-34) + (-12)/(-2). List the prime factors of ((-483)/(-15))/(6/y).
7, 23
Suppose 0 = 2*z + 5*p - 22, -5*z = -4*p - 8 - 14. Let w(q) = 4*q**3 + q**2 + 21*q - 14. What are the prime factors of w(z)?
2, 11, 23
Suppose -2*o - 16 = -10*o. Suppose 3*m - 5 = -o*b - 1, 3*m + 4 = 2*b. What are the prime factors of (-15)/10*(b - 44)?
3, 7
Let x be -6*(32/12 + -2). Let g(p) = -24*p - 20. Let s be g(x). Let r = -28 + s. List the prime factors of r.
2, 3
Let p = 47011 + -32894. List the prime factors of p.
19, 743
Let s be (1403 - -46)*(-1)/(-3). Suppose 14592 = -s*i + 491*i. List the prime factors of i.
2, 3, 19
Let k(u) = u**3 - 15*u**2 + 15*u - 10. Let d be k(14). Suppose -4*m + 18 - 294 = -4*h, d*h = m + 279. Suppose 9*r - h = -r. List the prime factors of r.
7
Let r(b) be the third derivative of -35*b**4/24 - 17